{"id":276,"date":"2020-11-15T19:15:14","date_gmt":"2020-11-15T18:15:14","guid":{"rendered":"https:\/\/asso-sozen.com\/?page_id=276"},"modified":"2026-02-13T18:38:25","modified_gmt":"2026-02-13T17:38:25","slug":"idees-cadeaux-sozen","status":"publish","type":"page","link":"https:\/\/asso-sozen.com\/index.php\/sozen-cote-dopale\/idees-cadeaux-sozen\/","title":{"rendered":"Id\u00e9es Cadeaux"},"content":{"rendered":"\n<div style=\"height:25px\" aria-hidden=\"true\" class=\"wp-block-spacer\"><\/div>\n\n\n\n<p>Envie d&rsquo;offrir un cadeau original, \u00e0 l\u2019occasion des f\u00eates de fin d&rsquo;ann\u00e9e, d&rsquo;un anniversaire, de la St Valentin, d&rsquo;un enterrement de vie de jeune fille, d&rsquo;un mariage&#8230;.ou juste pour faire plaisir &#8230;<\/p>\n\n\n\n<p>Toutes les occasions sont bonnes pour une pause d\u00e9tente&#8230;<\/p>\n\n\n\n<div style=\"height:25px\" aria-hidden=\"true\" class=\"wp-block-spacer\"><\/div>\n\n\n\n<p class=\"has-text-align-center has-black-color has-text-color\" style=\"font-size:22px;font-style:normal;font-weight:400\">&#8230; Optez pour la carte cadeau \u00ab\u00a0D\u00e9couverte SO&rsquo;Zen C\u00f4te d&rsquo;Opale\u00a0\u00bb<\/p>\n\n\n\n<p class=\"has-text-align-center\"><img decoding=\"async\" class=\"wp-image-834\" style=\"width: NaNpx;\" src=\"https:\/\/asso-sozen.com\/wp-content\/uploads\/2022\/11\/Carte-cadeau.docx\" alt=\"\"><\/p>\n\n\n\n<p class=\"has-text-align-center\"><\/p>\n\n\n\n<figure class=\"wp-block-image aligncenter size-full is-resized\"><img fetchpriority=\"high\" decoding=\"async\" width=\"1009\" height=\"550\" src=\"https:\/\/asso-sozen.com\/wp-content\/uploads\/2022\/11\/Capture-decran-2022-11-08-a-16.10.34.png\" alt=\"\" class=\"wp-image-835\" style=\"width:500px;height:272px\" srcset=\"https:\/\/asso-sozen.com\/wp-content\/uploads\/2022\/11\/Capture-decran-2022-11-08-a-16.10.34.png 1009w, https:\/\/asso-sozen.com\/wp-content\/uploads\/2022\/11\/Capture-decran-2022-11-08-a-16.10.34-300x164.png 300w, https:\/\/asso-sozen.com\/wp-content\/uploads\/2022\/11\/Capture-decran-2022-11-08-a-16.10.34-768x419.png 768w\" sizes=\"(max-width: 1009px) 100vw, 1009px\" \/><\/figure>\n\n\n\n<p><\/p>\n\n\n\n<div style=\"height:43px\" aria-hidden=\"true\" class=\"wp-block-spacer\"><\/div>\n\n\n\n<ul class=\"wp-block-list\">\n<li><strong>Yoga postural (Hatha yoga)<\/strong> <strong>dans le studio de yoga ou le jardin (uniquement l&rsquo;\u00e9t\u00e9) de SO&rsquo;Zen<\/strong>:\n<ul class=\"wp-block-list\">\n<li>en mini-groupe constitu\u00e9 par vos soins : 22\u20ac \/ participant (4 personnes)- 25\u20ac le week-end<\/li>\n\n\n\n<li>en mini-groupe constitu\u00e9 par vos soins : 20\u20ac\/participant (\u00e0 partir de 5 personnes uniquement l&rsquo;\u00e9t\u00e9 dans le jardin)- 23\u20ac le week-end<\/li>\n\n\n\n<li>en solo ou duo : 65\u20ac- 68\u20ac si week-end<\/li>\n<\/ul>\n<\/li>\n<\/ul>\n\n\n\n<ul class=\"wp-block-list\">\n<li><strong>Yoga postural (Hatha yoga)<\/strong> <strong>dans une chapelle lou\u00e9e par SO&rsquo;Zen<\/strong> en groupe de 5 \u00e0 10 personnes au maximum constitu\u00e9 par vos soins: 23\u20ac\/participant &#8211; 25\u20ac le week-end<\/li>\n<\/ul>\n\n\n\n<ul class=\"wp-block-list\">\n<li><strong>Yoga sur chaise (assis) dans les locaux de SO&rsquo;Zen <\/strong>:\n<ul class=\"wp-block-list\">\n<li>en mini-groupe constitu\u00e9 par vos soins : 20\u20ac \/ participant (4 personnes)-23\u20ac le week-end<\/li>\n\n\n\n<li>en mini-groupe constitu\u00e9 par vos soins : 18\u20ac\/participant (\u00e0 partir de 5 personnes)- 21\u20ac le week-end<\/li>\n\n\n\n<li>en solo ou duo : 65\u20ac- 68\u20ac si week-end<\/li>\n<\/ul>\n<\/li>\n<\/ul>\n\n\n\n<ul class=\"wp-block-list\">\n<li><strong>Relaxation guid\u00e9e (yoga nidra) dans les locaux de SO&rsquo;Zen<\/strong> :\n<ul class=\"wp-block-list\">\n<li>en mini-groupe : 20\u20ac \/ participant (15\u20ac pour les lyc\u00e9ens\/\u00e9tudiants\/ \u00e9l\u00e8ves de yoga SO&rsquo;Zen)- 23\u20ac si week-end<\/li>\n\n\n\n<li>en solo ou duo: 65\u20ac la s\u00e9ance &#8211; 68\u20ac si week-end<\/li>\n<\/ul>\n<\/li>\n<\/ul>\n\n\n\n<p><\/p>\n\n\n\n<figure class=\"wp-block-image aligncenter size-large is-resized\"><img decoding=\"async\" width=\"400\" height=\"558\" src=\"https:\/\/asso-sozen.com\/wp-content\/uploads\/2020\/11\/Image-zen-3.jpg\" alt=\"\" class=\"wp-image-277\" style=\"width:203px;height:283px\" srcset=\"https:\/\/asso-sozen.com\/wp-content\/uploads\/2020\/11\/Image-zen-3.jpg 400w, https:\/\/asso-sozen.com\/wp-content\/uploads\/2020\/11\/Image-zen-3-215x300.jpg 215w\" sizes=\"(max-width: 400px) 100vw, 400px\" \/><\/figure>\n\n\n\n<ul class=\"wp-block-list\">\n<li><strong>Yoga postural sur votre lieu de vacances<\/strong> (gites, chambres d&rsquo;h\u00f4tes, camping&#8230;) :\n<ul class=\"wp-block-list\">\n<li>en groupe (\u00e0 constituer par vos soins, minimum 4 personnes) : 22\u20ac \/ participant<\/li>\n<\/ul>\n<\/li>\n<\/ul>\n\n\n\n<p><\/p>\n\n\n\n<ul class=\"wp-block-list\">\n<li><strong>Relaxation sur votre lieu de vacances*<\/strong> (gites, chambres d&rsquo;h\u00f4tes, camping&#8230;) :\n<ul class=\"wp-block-list\">\n<li>en groupe (constitu\u00e9 par vos soins, minimum 3 personnes) : 25\u20ac \/ participant<\/li>\n<\/ul>\n<\/li>\n<\/ul>\n\n\n\n<div class=\"wp-block-columns is-layout-flex wp-container-core-columns-is-layout-28f84493 wp-block-columns-is-layout-flex\">\n<div class=\"wp-block-column is-layout-flow wp-block-column-is-layout-flow\"><\/div>\n<\/div>\n\n\n\n<div style=\"height:44px\" aria-hidden=\"true\" class=\"wp-block-spacer\"><\/div>\n\n\n\n<h1 class=\"wp-block-heading has-black-color has-text-color has-medium-font-size\">Modalit\u00e9s : <\/h1>\n\n\n\n<p>*Validit\u00e9 de 12 mois \u00e0 compter de l&rsquo;achat<\/p>\n\n\n\n<p>*Possibilit\u00e9 de location de tapis, de plaid, d&rsquo;oreiller (5\u20ac\/participant)<\/p>\n\n\n\n<p>*Possibilit\u00e9 de cours de yoga en ligne \u00e0 la demande<\/p>\n\n\n\n<p><em>*Des frais de d\u00e9placements sont \u00e0 ajouter si votre lieu de vacances se trouve \u00e0 plus de 15 kilom\u00e8tres (AR) de chez SO&rsquo;Zen (50 cts du kilom\u00e8tre suppl\u00e9mentaire)<\/em><\/p>\n\n\n\n<pre class=\"wp-block-preformatted\">                 <\/pre>\n\n\n\n<div style=\"height:60px\" aria-hidden=\"true\" class=\"wp-block-spacer\"><\/div>\n\n\n\n<figure class=\"wp-block-gallery aligncenter has-nested-images columns-default is-cropped wp-block-gallery-1 is-layout-flex wp-block-gallery-is-layout-flex\">\n<figure class=\"wp-block-image size-large\"><img decoding=\"async\" width=\"1024\" height=\"571\" data-id=\"488\" src=\"https:\/\/asso-sozen.com\/wp-content\/uploads\/2022\/02\/Photo-yoga-2021-1-1024x571.jpg\" alt=\"\" class=\"wp-image-488\" srcset=\"https:\/\/asso-sozen.com\/wp-content\/uploads\/2022\/02\/Photo-yoga-2021-1-1024x571.jpg 1024w, https:\/\/asso-sozen.com\/wp-content\/uploads\/2022\/02\/Photo-yoga-2021-1-300x167.jpg 300w, https:\/\/asso-sozen.com\/wp-content\/uploads\/2022\/02\/Photo-yoga-2021-1-768x428.jpg 768w, https:\/\/asso-sozen.com\/wp-content\/uploads\/2022\/02\/Photo-yoga-2021-1-1536x856.jpg 1536w, https:\/\/asso-sozen.com\/wp-content\/uploads\/2022\/02\/Photo-yoga-2021-1-2048x1142.jpg 2048w\" sizes=\"(max-width: 1024px) 100vw, 1024px\" \/><\/figure>\n<\/figure>\n\n\n\n<p><\/p>\n\n\n\n<p><\/p>\n\n\n\n<p><\/p>\n\n\n\n<p><\/p>\n\n\n\n<p><\/p>\n","protected":false},"excerpt":{"rendered":"<p>Envie d&rsquo;offrir un cadeau original, \u00e0 l\u2019occasion des f\u00eates de fin d&rsquo;ann\u00e9e, d&rsquo;un anniversaire, de la St Valentin, d&rsquo;un enterrement de vie de jeune fille, d&rsquo;un mariage&#8230;.ou juste pour faire plaisir &#8230; Toutes les occasions sont bonnes pour une pause d\u00e9tente&#8230; &#8230; Optez pour la carte cadeau \u00ab\u00a0D\u00e9couverte SO&rsquo;Zen C\u00f4te d&rsquo;Opale\u00a0\u00bb Modalit\u00e9s : *Validit\u00e9 de [&hellip;]<\/p>\n","protected":false},"author":1,"featured_media":0,"parent":14,"menu_order":1,"comment_status":"closed","ping_status":"closed","template":"","meta":{"footnotes":""},"categories":[],"tags":[],"class_list":["post-276","page","type-page","status-publish","hentry"],"yoast_head":"<!-- This site is optimized with the Yoast SEO plugin v27.5 - https:\/\/yoast.com\/product\/yoast-seo-wordpress\/ -->\n<title>Id\u00e9es Cadeaux - SO&#039;Zen<\/title>\n<meta name=\"robots\" content=\"index, follow, max-snippet:-1, max-image-preview:large, max-video-preview:-1\" \/>\n<link rel=\"canonical\" href=\"https:\/\/asso-sozen.com\/index.php\/sozen-cote-dopale\/idees-cadeaux-sozen\/\" \/>\n<meta property=\"og:locale\" content=\"fr_FR\" \/>\n<meta property=\"og:type\" content=\"article\" \/>\n<meta property=\"og:title\" content=\"Id\u00e9es Cadeaux - SO&#039;Zen\" \/>\n<meta property=\"og:description\" content=\"Envie d&rsquo;offrir un cadeau original, \u00e0 l\u2019occasion des f\u00eates de fin d&rsquo;ann\u00e9e, d&rsquo;un anniversaire, de la St Valentin, d&rsquo;un enterrement de vie de jeune fille, d&rsquo;un mariage&#8230;.ou juste pour faire plaisir &#8230; Toutes les occasions sont bonnes pour une pause d\u00e9tente&#8230; &#8230; Optez pour la carte cadeau \u00ab\u00a0D\u00e9couverte SO&rsquo;Zen C\u00f4te d&rsquo;Opale\u00a0\u00bb Modalit\u00e9s : *Validit\u00e9 de [&hellip;]\" \/>\n<meta property=\"og:url\" content=\"https:\/\/asso-sozen.com\/index.php\/sozen-cote-dopale\/idees-cadeaux-sozen\/\" \/>\n<meta property=\"og:site_name\" content=\"SO&#039;Zen\" \/>\n<meta property=\"article:modified_time\" content=\"2026-02-13T17:38:25+00:00\" \/>\n<meta name=\"twitter:card\" content=\"summary_large_image\" \/>\n<meta name=\"twitter:label1\" content=\"Dur\u00e9e de lecture estim\u00e9e\" \/>\n\t<meta name=\"twitter:data1\" content=\"3 minutes\" \/>\n<script type=\"application\/ld+json\" class=\"yoast-schema-graph\">{\"@context\":\"https:\\\/\\\/schema.org\",\"@graph\":[{\"@type\":\"WebPage\",\"@id\":\"https:\\\/\\\/asso-sozen.com\\\/index.php\\\/sozen-cote-dopale\\\/idees-cadeaux-sozen\\\/\",\"url\":\"https:\\\/\\\/asso-sozen.com\\\/index.php\\\/sozen-cote-dopale\\\/idees-cadeaux-sozen\\\/\",\"name\":\"Id\u00e9es Cadeaux - SO&#039;Zen\",\"isPartOf\":{\"@id\":\"https:\\\/\\\/asso-sozen.com\\\/#website\"},\"primaryImageOfPage\":{\"@id\":\"https:\\\/\\\/asso-sozen.com\\\/index.php\\\/sozen-cote-dopale\\\/idees-cadeaux-sozen\\\/#primaryimage\"},\"image\":{\"@id\":\"https:\\\/\\\/asso-sozen.com\\\/index.php\\\/sozen-cote-dopale\\\/idees-cadeaux-sozen\\\/#primaryimage\"},\"thumbnailUrl\":\"https:\\\/\\\/asso-sozen.com\\\/wp-content\\\/uploads\\\/2022\\\/11\\\/Carte-cadeau.docx\",\"datePublished\":\"2020-11-15T18:15:14+00:00\",\"dateModified\":\"2026-02-13T17:38:25+00:00\",\"breadcrumb\":{\"@id\":\"https:\\\/\\\/asso-sozen.com\\\/index.php\\\/sozen-cote-dopale\\\/idees-cadeaux-sozen\\\/#breadcrumb\"},\"inLanguage\":\"fr-FR\",\"potentialAction\":[{\"@type\":\"ReadAction\",\"target\":[\"https:\\\/\\\/asso-sozen.com\\\/index.php\\\/sozen-cote-dopale\\\/idees-cadeaux-sozen\\\/\"]}]},{\"@type\":\"ImageObject\",\"inLanguage\":\"fr-FR\",\"@id\":\"https:\\\/\\\/asso-sozen.com\\\/index.php\\\/sozen-cote-dopale\\\/idees-cadeaux-sozen\\\/#primaryimage\",\"url\":\"\",\"contentUrl\":\"\"},{\"@type\":\"BreadcrumbList\",\"@id\":\"https:\\\/\\\/asso-sozen.com\\\/index.php\\\/sozen-cote-dopale\\\/idees-cadeaux-sozen\\\/#breadcrumb\",\"itemListElement\":[{\"@type\":\"ListItem\",\"position\":1,\"name\":\"Accueil\",\"item\":\"https:\\\/\\\/asso-sozen.com\\\/\"},{\"@type\":\"ListItem\",\"position\":2,\"name\":\"Id\u00e9es Cadeaux\"}]},{\"@type\":\"WebSite\",\"@id\":\"https:\\\/\\\/asso-sozen.com\\\/#website\",\"url\":\"https:\\\/\\\/asso-sozen.com\\\/\",\"name\":\"SO&#039;Zen\",\"description\":\"\",\"publisher\":{\"@id\":\"https:\\\/\\\/asso-sozen.com\\\/#organization\"},\"potentialAction\":[{\"@type\":\"SearchAction\",\"target\":{\"@type\":\"EntryPoint\",\"urlTemplate\":\"https:\\\/\\\/asso-sozen.com\\\/?s={search_term_string}\"},\"query-input\":{\"@type\":\"PropertyValueSpecification\",\"valueRequired\":true,\"valueName\":\"search_term_string\"}}],\"inLanguage\":\"fr-FR\"},{\"@type\":\"Organization\",\"@id\":\"https:\\\/\\\/asso-sozen.com\\\/#organization\",\"name\":\"SO&#039;Zen\",\"url\":\"https:\\\/\\\/asso-sozen.com\\\/\",\"logo\":{\"@type\":\"ImageObject\",\"inLanguage\":\"fr-FR\",\"@id\":\"https:\\\/\\\/asso-sozen.com\\\/#\\\/schema\\\/logo\\\/image\\\/\",\"url\":\"https:\\\/\\\/asso-sozen.com\\\/wp-content\\\/uploads\\\/2020\\\/07\\\/cropped-logoSOZEN512-2.png\",\"contentUrl\":\"https:\\\/\\\/asso-sozen.com\\\/wp-content\\\/uploads\\\/2020\\\/07\\\/cropped-logoSOZEN512-2.png\",\"width\":512,\"height\":289,\"caption\":\"SO&#039;Zen\"},\"image\":{\"@id\":\"https:\\\/\\\/asso-sozen.com\\\/#\\\/schema\\\/logo\\\/image\\\/\"}}]}<\/script>\n<!-- \/ Yoast SEO plugin. -->","yoast_head_json":{"title":"Id\u00e9es Cadeaux - SO&#039;Zen","robots":{"index":"index","follow":"follow","max-snippet":"max-snippet:-1","max-image-preview":"max-image-preview:large","max-video-preview":"max-video-preview:-1"},"canonical":"https:\/\/asso-sozen.com\/index.php\/sozen-cote-dopale\/idees-cadeaux-sozen\/","og_locale":"fr_FR","og_type":"article","og_title":"Id\u00e9es Cadeaux - SO&#039;Zen","og_description":"Envie d&rsquo;offrir un cadeau original, \u00e0 l\u2019occasion des f\u00eates de fin d&rsquo;ann\u00e9e, d&rsquo;un anniversaire, de la St Valentin, d&rsquo;un enterrement de vie de jeune fille, d&rsquo;un mariage&#8230;.ou juste pour faire plaisir &#8230; Toutes les occasions sont bonnes pour une pause d\u00e9tente&#8230; &#8230; Optez pour la carte cadeau \u00ab\u00a0D\u00e9couverte SO&rsquo;Zen C\u00f4te d&rsquo;Opale\u00a0\u00bb Modalit\u00e9s : *Validit\u00e9 de [&hellip;]","og_url":"https:\/\/asso-sozen.com\/index.php\/sozen-cote-dopale\/idees-cadeaux-sozen\/","og_site_name":"SO&#039;Zen","article_modified_time":"2026-02-13T17:38:25+00:00","twitter_card":"summary_large_image","twitter_misc":{"Dur\u00e9e de lecture estim\u00e9e":"3 minutes"},"schema":{"@context":"https:\/\/schema.org","@graph":[{"@type":"WebPage","@id":"https:\/\/asso-sozen.com\/index.php\/sozen-cote-dopale\/idees-cadeaux-sozen\/","url":"https:\/\/asso-sozen.com\/index.php\/sozen-cote-dopale\/idees-cadeaux-sozen\/","name":"Id\u00e9es Cadeaux - SO&#039;Zen","isPartOf":{"@id":"https:\/\/asso-sozen.com\/#website"},"primaryImageOfPage":{"@id":"https:\/\/asso-sozen.com\/index.php\/sozen-cote-dopale\/idees-cadeaux-sozen\/#primaryimage"},"image":{"@id":"https:\/\/asso-sozen.com\/index.php\/sozen-cote-dopale\/idees-cadeaux-sozen\/#primaryimage"},"thumbnailUrl":"https:\/\/asso-sozen.com\/wp-content\/uploads\/2022\/11\/Carte-cadeau.docx","datePublished":"2020-11-15T18:15:14+00:00","dateModified":"2026-02-13T17:38:25+00:00","breadcrumb":{"@id":"https:\/\/asso-sozen.com\/index.php\/sozen-cote-dopale\/idees-cadeaux-sozen\/#breadcrumb"},"inLanguage":"fr-FR","potentialAction":[{"@type":"ReadAction","target":["https:\/\/asso-sozen.com\/index.php\/sozen-cote-dopale\/idees-cadeaux-sozen\/"]}]},{"@type":"ImageObject","inLanguage":"fr-FR","@id":"https:\/\/asso-sozen.com\/index.php\/sozen-cote-dopale\/idees-cadeaux-sozen\/#primaryimage","url":"","contentUrl":""},{"@type":"BreadcrumbList","@id":"https:\/\/asso-sozen.com\/index.php\/sozen-cote-dopale\/idees-cadeaux-sozen\/#breadcrumb","itemListElement":[{"@type":"ListItem","position":1,"name":"Accueil","item":"https:\/\/asso-sozen.com\/"},{"@type":"ListItem","position":2,"name":"Id\u00e9es Cadeaux"}]},{"@type":"WebSite","@id":"https:\/\/asso-sozen.com\/#website","url":"https:\/\/asso-sozen.com\/","name":"SO&#039;Zen","description":"","publisher":{"@id":"https:\/\/asso-sozen.com\/#organization"},"potentialAction":[{"@type":"SearchAction","target":{"@type":"EntryPoint","urlTemplate":"https:\/\/asso-sozen.com\/?s={search_term_string}"},"query-input":{"@type":"PropertyValueSpecification","valueRequired":true,"valueName":"search_term_string"}}],"inLanguage":"fr-FR"},{"@type":"Organization","@id":"https:\/\/asso-sozen.com\/#organization","name":"SO&#039;Zen","url":"https:\/\/asso-sozen.com\/","logo":{"@type":"ImageObject","inLanguage":"fr-FR","@id":"https:\/\/asso-sozen.com\/#\/schema\/logo\/image\/","url":"https:\/\/asso-sozen.com\/wp-content\/uploads\/2020\/07\/cropped-logoSOZEN512-2.png","contentUrl":"https:\/\/asso-sozen.com\/wp-content\/uploads\/2020\/07\/cropped-logoSOZEN512-2.png","width":512,"height":289,"caption":"SO&#039;Zen"},"image":{"@id":"https:\/\/asso-sozen.com\/#\/schema\/logo\/image\/"}}]}},"_links":{"self":[{"href":"https:\/\/asso-sozen.com\/index.php\/wp-json\/wp\/v2\/pages\/276","targetHints":{"allow":["GET"]}}],"collection":[{"href":"https:\/\/asso-sozen.com\/index.php\/wp-json\/wp\/v2\/pages"}],"about":[{"href":"https:\/\/asso-sozen.com\/index.php\/wp-json\/wp\/v2\/types\/page"}],"author":[{"embeddable":true,"href":"https:\/\/asso-sozen.com\/index.php\/wp-json\/wp\/v2\/users\/1"}],"replies":[{"embeddable":true,"href":"https:\/\/asso-sozen.com\/index.php\/wp-json\/wp\/v2\/comments?post=276"}],"version-history":[{"count":126,"href":"https:\/\/asso-sozen.com\/index.php\/wp-json\/wp\/v2\/pages\/276\/revisions"}],"predecessor-version":[{"id":1485,"href":"https:\/\/asso-sozen.com\/index.php\/wp-json\/wp\/v2\/pages\/276\/revisions\/1485"}],"up":[{"embeddable":true,"href":"https:\/\/asso-sozen.com\/index.php\/wp-json\/wp\/v2\/pages\/14"}],"wp:attachment":[{"href":"https:\/\/asso-sozen.com\/index.php\/wp-json\/wp\/v2\/media?parent=276"}],"wp:term":[{"taxonomy":"category","embeddable":true,"href":"https:\/\/asso-sozen.com\/index.php\/wp-json\/wp\/v2\/categories?post=276"},{"taxonomy":"post_tag","embeddable":true,"href":"https:\/\/asso-sozen.com\/index.php\/wp-json\/wp\/v2\/tags?post=276"}],"curies":[{"name":"wp","href":"https:\/\/api.w.org\/{rel}","templated":true}]}}